e?
True
Let h(t) = t**3 + 11*t**2 - 12*t - 9. Is h(-10) composite?
False
Let q(p) be the third derivative of 5/6*p**3 + 0 + 1/60*p**5 + 1/24*p**4 + 0*p - 2*p**2. Is q(5) a prime number?
False
Let t(b) = b - 4. Let p be t(9). Suppose 5*x + 25 = p*i, -x - 3 + 2 = i. Suppose -z - 2*u = -17, -5*z - i*u = -u - 67. Is z a prime number?
True
Let r = 77 + -40. Is r a prime number?
True
Suppose -16 = -5*u + u. Suppose -3*y = 4*a - 63, 3*y + 9 = u*a - 24. Suppose 2*j - 5*n - 19 = 0, 1 = -j - 5*n - a. Is j composite?
False
Let n(p) = 2*p - 1. Let w be n(2). Suppose w*r - 11 = -4*h + 1, 4*r = -h + 3. Suppose 5*d + 0*q - 2*q = 151, h*d + q = 95. Is d composite?
False
Let j(p) = 98*p**2 + 2*p + 1. Let s be (-3)/((-4)/((-60)/(-9))). Let l = 4 - s. Is j(l) a prime number?
True
Let b(y) = y**2 + y + 1. Let a be b(-2). Suppose 0 = 2*h + 2*c - 0*c - 186, -247 = -a*h + 5*c. Is h a composite number?
False
Let c = 8 - 5. Let y = 15 - c. Suppose 0*k - 4*k + y = 0. Is k a prime number?
True
Let m be 0/(3 - (-3 + 7)). Suppose 5*i + 764 = 4*g, m = -5*g + 4*g + 3*i + 191. Is g a composite number?
False
Let f be (12/(-8))/(2/4). Let w(j) = -2*j**3 + 2*j**2 - 2*j + 1. Let i be w(f). Suppose 0 = -2*d - 9 + i. Is d prime?
False
Let y be 6/5*(-10)/(-4). Is (y + 106/(-8))*-8 a prime number?
False
Let m = 7 + -3. Let j(f) = 2*f**3 - 5*f**2 + 3*f - 1. Is j(m) composite?
False
Suppose 0*x = -5*l + 5*x - 10, l = 2*x - 2. Let m be 3/l*-2*1. Let w = 34 + m. Is w a composite number?
False
Is (-4)/(8/6) + 70 prime?
True
Suppose 0 = -3*p + 2*v + 5397, 0*v - 9011 = -5*p - 2*v. Is p prime?
True
Let s = 1080 + -449. Is s a prime number?
True
Suppose -1 = -4*m + 15. Let j = m - -183. Is j prime?
False
Let t(c) = 17*c. Let p be t(3). Let k = p - -18. Is k composite?
True
Let i = -1 + 3. Suppose b = -i*b + 651. Is b a prime number?
False
Let b = -4 + -1. Is 67/2*(-10)/b composite?
False
Suppose 4*g = 798 + 38. Is g a composite number?
True
Suppose 0 = c + 3*d + 67, c + 17 + 22 = 4*d. Let u be 55*(-4)/(-20)*7. Let w = c + u. Is w a prime number?
False
Suppose -20175 - 3527 = -14*a. Is a a composite number?
False
Let q = -1135 + 2088. Is q prime?
True
Let w(r) = 9*r + 745. Is w(0) prime?
False
Let u = 1 + -1. Let n(z) = -z - 7 + 7 + 21 + z**2 - 2*z**2. Is n(u) prime?
False
Let z(o) = o**2 + 1. Let j be z(-1). Suppose -j*f = -175 + 17. Is f prime?
True
Suppose 4*k - 4 = 3*k. Suppose 3*z + k*q - 103 = 0, 2*q = -5*z + 4*q + 189. Is z a composite number?
False
Let z = -1556 + 8193. Is z composite?
False
Let v(l) = -3*l - 4 + 2*l + 10. Let d be v(4). Suppose i - 10 = -0*u - d*u, 50 = 5*i + 4*u. Is i a composite number?
True
Suppose -5*n - 759 = -114. Let m = -92 - n. Is m prime?
True
Suppose -12*s - 3335 = -17*s. Is s prime?
False
Let d(t) = 9*t + 5 - 8*t**2 + 8*t**2 + 10*t**2 - 8*t. Is d(-10) composite?
True
Is 0 - -22 - (-6)/(-2) composite?
False
Suppose -5*y - 3*d + 3 = -2, -2*y + 16 = 4*d. Is 6 + y*3/(-6) prime?
True
Let u(j) = 8*j - 6*j - 11 - 34*j. Is u(-5) composite?
False
Suppose -5*b = 3*u - 28, 25 = 4*b + 4*u + u. Let r(a) = a**2 + 2*a - 4. Is r(b) a composite number?
False
Let g(w) be the third derivative of w**5/20 - w**4/3 - w**3/2 + 4*w**2. Is g(6) composite?
True
Suppose 0 = 12*i - 17081 - 4507. Is i composite?
True
Suppose 5*s + 0*y - 31 = 4*y, 5 = -5*s - 5*y. Suppose s*n = 3*m + 156, 5*n - 281 = -m - m. Is n a composite number?
True
Let x(r) = -r**3 - 3*r**2 + 11*r - 7. Is x(-10) composite?
True
Let i(n) = -n**3 + 7*n**2 + n - 2. Let o be i(7). Suppose 5*j + o - 35 = 0. Is j a composite number?
True
Let c = 4 + -3. Suppose 0*h = -4*h - 36. Let a = c - h. Is a a composite number?
True
Suppose 1 - 9 = -4*i. Let d(a) = i*a - 4*a + a. Is d(-4) a composite number?
True
Let b = 281 - -236. Is b prime?
False
Let f be 1/((-1)/(-149)) - 0. Suppose -4*q = 4*n - 156, -4*q + f = -0*n - 3*n. Suppose -3*x = 6 + 6, -4*x - q = -2*u. Is u composite?
False
Let p = -4 + 4. Suppose 1 = -p*d + d. Is 47 - (-1 + -1)/d a prime number?
False
Suppose 5*x = -3*t, -3*x + 5 = 14. Suppose -t*s - 1661 = -3*k, -s = 5*k - 1661 - 1126. Is k composite?
False
Suppose 7*w - 2*w = -r + 17, -7 = -2*r - w. Let s(f) = 6 - 1 + f**3 - f - 7*f**r - 6*f. Is s(8) composite?
False
Suppose -a = 2*s - 243, 3*a + 247 = 4*a + 3*s. Let p = 332 - a. Is p a prime number?
True
Suppose -n - 3*n = -200. Suppose 0 = z - 6*z + n. Is z composite?
True
Suppose 4*w + 0*w = -32. Let v(s) = 2*s**2 - 8*s - 2. Let m be v(w). Suppose -5*z - 3*u + m = 0, z + 65 = 3*z - u. Is z a composite number?
True
Let u(q) = -q + 11. Let i be u(6). Let v = i + -5. Is 1/(v - -1)*79 composite?
False
Let m(b) = 467*b - 4. Is m(3) composite?
True
Let j = 45 - 23. Is j a composite number?
True
Suppose 0 = -g + 1, 2*g - 4 = -5*s - 2*g. Suppose s = i - 4*i + 66. Is i a composite number?
True
Let d(c) = c**2 - 7*c + 2. Suppose -3*o + 2*i = -34, -3*i + 8*i + 1 = -3*o. Let w be d(o). Suppose -w = -3*t + 8. Is t composite?
True
Suppose -4*m + 2*m = -162. Let s = m + -44. Is s composite?
False
Suppose -76 = 2*c - 4*n, -3*c + 27 = 2*n + 173. Is c/6*(0 - 3) prime?
True
Is (549/(-6))/(2/(-4)) a composite number?
True
Let z = 182 + -42. Suppose 5*d + 140 = -l, -5*d - 6*l - z = -2*l. Let n = 141 + d. Is n a composite number?
False
Let o = -42 - -72. Let m = 99 - o. Is m a composite number?
True
Suppose -2*i - 5*u + 1836 = 343, 0 = -2*i + 2*u + 1458. Is i prime?
False
Let w = -175 + 789. Is w a composite number?
True
Let q = -219 - -484. Is q a prime number?
False
Let s(f) = f + 4. Let o be s(-2). Let j be 35/o*(8 - 2). Suppose -4*x = x - j. Is x prime?
False
Let d be 2/6*(-1 - -7). Let s be 2/2 - (d - 1). Suppose 5*h - 23 = -s*h + 3*k, 2*h + 4*k - 30 = 0. Is h composite?
False
Suppose -5*t + 8*b - 3*b + 2510 = 0, -2*b = 5*t - 2475. Is t composite?
True
Suppose -3*l = 2*x - 18, -l - 3*l = -4*x - 4. Suppose i = x*i - 26. Is i prime?
True
Let l = 1150 - 733. Is l composite?
True
Suppose j = 14 - 4. Suppose -4*b = -2*f - j, 5*b = -f - 2 + 18. Is b a composite number?
False
Suppose 0*a = -3*a + 75. Suppose -5*z - a = -5, 10 = 3*s - 4*z. Is 21 - s/4*2 prime?
False
Let u(j) = -j**2 + 6*j + 2. Let x be u(5). Suppose -2*o + x = -1. Suppose -h + 18 = o. Is h composite?
True
Suppose 5 = 5*c - 40. Let k = -4 + c. Is (-1 - 1)/(k/(-25)) a prime number?
False
Is (-3086*(-1 + 2))/(-2) a prime number?
True
Let r = 12 - 8. Suppose -2*q = 3*l - 400, 9*q - 1007 = r*q - 4*l. Is q a prime number?
False
Let x(a) be the second derivative of a**5/20 - a**4/2 + a**3/2 + 13*a**2/2 + 5*a. Is x(6) a prime number?
True
Let r(a) = -48*a - 2. Suppose u - 11 = -d + 4*d, -1 = -2*d - u. Is r(d) prime?
False
Suppose 3 = -x - 5. Let s be 326/14 + 4/(-14). Let p = s + x. Is p a composite number?
True
Is -3 - 11/((-55)/650) prime?
True
Suppose -2*l = -3 - 1. Suppose 0 = -0*u - l*u + 12. Is u a composite number?
True
Let j = 74 + 105. Is j prime?
True
Let s be ((-12)/(-5))/((-6)/2925). Is s/(-22) - 10/55 a composite number?
False
Let g = -1068 - -760. Let d = -159 - g. Is d prime?
True
Let y = 16 - 106. Let m = y - -239. Is m a prime number?
True
Let u be 1653/(-3) - (0 + 1). Let i = u - -1189. Suppose -2*g + i = 3*l, -g - 625 = -3*l + 3*g. Is l composite?
False
Let z(x) = -55*x - 15. Is z(-4) a prime number?
False
Suppose 2*u - 468 = -u. Suppose -p = -u - 29. Is p a prime number?
False
Let d(a) = a**3 - 2*a**2 - 5*a - 4. Let m(s) = s**2 + 6*s + 2. Let r be m(-6). Let p be ((-3)/r)/((-9)/30). Is d(p) a composite number?
True
Suppose -3*x + 12 = -n, 18 = 3*x + 2*n - n. Let p be (193 - (-9)/(-3))/(1/4). Suppose -5*a + 3*k + p = 0, -4*a + x*k + 147 = -448. Is a a prime number?
False
Let s = 1040 + -574. Is s a composite number?
True
Let c = -1002 + 1795. Is c a prime number?
False
Let o be 3 - ((-1056)/1 + 1). Suppose -c + 3*c - o = 0. Is c prime?
False
Let y = -107 - -3046. Is y a prime number?
True
Let x(f) = 2*f**2 - 5*f. Let d be -2 + (-4 - (0 - 2)). Let i be x(d). Suppose -2*s + i = 2*s. Is s a composite number?
False
Let g(p) = 10*p**2 - 11*p + 13. Is g(4) composite?
True
Suppose -131 - 194 = -5*z. Is z composite?
True
Let h = 10549 - 18389. Is (-2)/6 - h/21 prime?
True
Let u = 2485 - 180. Is u composite?
True
Suppose 8*s - 7*s - 157 = 0. Suppose 2*w + 2*u = 282, -w - 3*u = -2*w + s. Is w a prime number?
Fal